{"id":19,"date":"2015-10-06T02:25:49","date_gmt":"2015-10-06T00:25:49","guid":{"rendered":"http:\/\/neu.seven-valley-ranch.de\/?page_id=19"},"modified":"2023-10-18T14:53:55","modified_gmt":"2023-10-18T12:53:55","slug":"startseite","status":"publish","type":"page","link":"https:\/\/www.seven-valley-ranch.de\/webseiten\/wordpress\/","title":{"rendered":"URLAUB DER BESONDEREN ART&#8230;"},"content":{"rendered":"<h2 style=\"text-align: justify;\">&#8230; F\u00dcR HUNDE UND IHRE BESITZER!<\/h2>\n<p style=\"text-align: justify;\">Immer mehr Hundebesitzer entdecken Rheinland-Pfalz als Urlaubsziel und wollen mit ihren Hunden die Wanderwege und Weinberge erkunden.<\/p>\n<p style=\"text-align: justify;\">Im Hunsr\u00fcck und an der Mosel gibt es zahlreiche Ferienwohnungen f\u00fcr Erholungssuchende.&nbsp; Urlaubern mit gro\u00dfem oder mit mehr als einem Hund f\u00e4llt es aber oft sehr schwer, eine geeignete Unterkunft zu finden.<\/p>\n<p style=\"text-align: justify;\">Urlaub auf der Seven-Valley-Ranch bedeutet Erlebnisaufenthalt f\u00fcr Hunde und ihre Besitzer. Bei uns steht der Hund im Mittelpunkt. Besonders Halter von gro\u00dfen und mehreren Hunden sind bei uns herzlich willkommen!<\/p>\n<p><img loading=\"lazy\" decoding=\"async\" class=\"alignnone size-full wp-image-105\" src=\"https:\/\/www.seven-valley-ranch.de\/wp-content\/uploads\/2015\/10\/ranch1_kl.jpg\" alt=\"Blick auf die Ranch\" width=\"243\" height=\"150\">&nbsp;<img loading=\"lazy\" decoding=\"async\" class=\"alignnone size-full wp-image-93\" src=\"https:\/\/www.seven-valley-ranch.de\/wp-content\/uploads\/2015\/10\/innen_kl.jpg\" alt=\"Innenansicht\" width=\"152\" height=\"150\" srcset=\"https:\/\/www.seven-valley-ranch.de\/wp-content\/uploads\/2015\/10\/innen_kl.jpg 152w, https:\/\/www.seven-valley-ranch.de\/wp-content\/uploads\/2015\/10\/innen_kl-90x90.jpg 90w\" sizes=\"auto, (max-width: 152px) 100vw, 152px\" \/>&nbsp;<img loading=\"lazy\" decoding=\"async\" class=\"alignnone size-full wp-image-104\" src=\"https:\/\/www.seven-valley-ranch.de\/wp-content\/uploads\/2015\/10\/pool_kl.jpg\" alt=\"Hundepool\" width=\"207\" height=\"150\"><\/p>\n","protected":false},"excerpt":{"rendered":"<p>&#8230; F\u00dcR HUNDE UND IHRE BESITZER! Immer mehr Hundebesitzer entdecken Rheinland-Pfalz als Urlaubsziel und wollen mit ihren Hunden die Wanderwege und Weinberge erkunden. Im Hunsr\u00fcck und an der Mosel gibt es zahlreiche Ferienwohnungen f\u00fcr Erholungssuchende.&nbsp; Urlaubern mit gro\u00dfem oder mit mehr als einem Hund f\u00e4llt es aber oft sehr schwer, eine geeignete Unterkunft zu finden.&hellip; <a class=\"continue\" href=\"https:\/\/www.seven-valley-ranch.de\/webseiten\/wordpress\/\">Weiterlesen<span> URLAUB DER BESONDEREN ART&#8230;<\/span><\/a><\/p>\n","protected":false},"author":1,"featured_media":0,"parent":0,"menu_order":0,"comment_status":"closed","ping_status":"closed","template":"","meta":{"ngg_post_thumbnail":0,"footnotes":""},"class_list":["post-19","page","type-page","status-publish","hentry","without-featured-image"],"aioseo_notices":[],"_links":{"self":[{"href":"https:\/\/www.seven-valley-ranch.de\/webseiten\/wordpress\/wp-json\/wp\/v2\/pages\/19","targetHints":{"allow":["GET"]}}],"collection":[{"href":"https:\/\/www.seven-valley-ranch.de\/webseiten\/wordpress\/wp-json\/wp\/v2\/pages"}],"about":[{"href":"https:\/\/www.seven-valley-ranch.de\/webseiten\/wordpress\/wp-json\/wp\/v2\/types\/page"}],"author":[{"embeddable":true,"href":"https:\/\/www.seven-valley-ranch.de\/webseiten\/wordpress\/wp-json\/wp\/v2\/users\/1"}],"replies":[{"embeddable":true,"href":"https:\/\/www.seven-valley-ranch.de\/webseiten\/wordpress\/wp-json\/wp\/v2\/comments?post=19"}],"version-history":[{"count":22,"href":"https:\/\/www.seven-valley-ranch.de\/webseiten\/wordpress\/wp-json\/wp\/v2\/pages\/19\/revisions"}],"predecessor-version":[{"id":1212,"href":"https:\/\/www.seven-valley-ranch.de\/webseiten\/wordpress\/wp-json\/wp\/v2\/pages\/19\/revisions\/1212"}],"wp:attachment":[{"href":"https:\/\/www.seven-valley-ranch.de\/webseiten\/wordpress\/wp-json\/wp\/v2\/media?parent=19"}],"curies":[{"name":"wp","href":"https:\/\/api.w.org\/{rel}","templated":true}]}}